site?
True
Suppose -3 = 4*t + 5. Let l be t + 2/(4/14). Suppose -4*a + 3*a - 4*d + 73 = 0, l*a - d - 344 = 0. Is a a prime number?
False
Suppose -2*i - a + 0*a = 250, -3*i - 3*a - 378 = 0. Let v = 128 + i. Is 2183 + (v - 5) + -3 a composite number?
False
Suppose -34*y + 35*y - 2 = 0. Suppose -3*d + 2*s = -23, -6*d = -d - s - 29. Suppose -2*v = 4*p - 962, -y*v = d*p + 199 - 1159. Is v a prime number?
False
Suppose 4*t - 136472 = -5*g, 5*t - 3*t + 5*g - 68226 = 0. Is t a prime number?
True
Suppose 3*d = -6*c + 281049, -4*c - 41 + 5 = 0. Is d prime?
True
Is (-1 + 2)/(32754810/1213140 - 27) a prime number?
False
Let y(m) = -38*m + 24. Let g be y(-13). Let q = g + -1344. Is q*7/(-8) + 2/8 a composite number?
True
Let u be (6/7)/((-180)/(-840)). Suppose -d + 1981 = -u*b, -3289 = -2*d + 3*b + 688. Is d a composite number?
False
Let q = -38919 - -56596. Is q composite?
True
Let h(u) = 149*u**2 - 110*u - 68. Is h(33) a prime number?
True
Suppose -2*s - 2*r = -10, -4*s + 5 = -5*r + 12. Is 3/(s/8*(-96)/(-12088)) composite?
False
Let h = 158656 + -106307. Is h composite?
True
Is (-3)/24 + (-56689847)/(-632) a prime number?
False
Let i = -235 - -231. Let o(y) = -1040*y - 7. Is o(i) a composite number?
False
Is (-10625384)/(-80) - 9*8/240 composite?
False
Suppose -3*x - 244007940 = -141*x - 67111674. Is x a composite number?
True
Let i(j) be the first derivative of -7*j**2/2 - 4*j - 8. Let b be i(2). Is ((-2)/(-6))/(b/(-5238)) prime?
True
Let d = -478420 + 755589. Is d composite?
False
Suppose -17 - 18 = -5*z. Suppose 0 = y + 2*i - 301, 3*y + 12*i - z*i = 899. Is y a prime number?
True
Let p(r) = -14*r**3 - 3*r**2 + 7*r - 5. Let m be p(-7). Let v = -8984 + m. Let k = -2548 - v. Is k composite?
True
Suppose 3*r - 180 = -r. Suppose 20961 + 126249 = -35*q. Is q/(-5) - 3*3/r prime?
False
Let u = -31011 - -67840. Is u a composite number?
True
Let l(k) be the first derivative of 207*k**4/4 + k**3/3 - 5*k**2 + 13*k - 88. Is l(3) composite?
False
Let i = 3876 - 3882. Let r(l) be the third derivative of 11*l**5/60 - l**4/3 + 5*l**3/6 - l**2. Is r(i) a composite number?
False
Suppose 18*s = 7878 + 11058. Suppose 2*n + s + 281 = d, 2*n = -5*d + 6689. Is d prime?
False
Let x(q) = 572*q**3 - 2*q + 1. Suppose 2*b = t - 5, -t + b + 4 = -0. Suppose -t*h = -1 - 2. Is x(h) prime?
True
Let w(x) = -x**2 - x + 15. Let j be w(8). Let k = -55 - j. Let t(v) = 706*v - 3. Is t(k) composite?
False
Let h(j) = 2*j - 3. Let g be h(6). Suppose -5*k + 2*d = -23911, -g*d = 5*k - 4*d - 23925. Is k prime?
True
Let n = 693 - 336. Suppose 22*x - 10*x - 96 = 0. Suppose -x*i + n = -i. Is i a composite number?
True
Let p = -26 - -46. Let l = 22 - p. Suppose 0 = -4*v - 3*r + 323, 3*r = -l*v + 132 + 37. Is v composite?
True
Suppose 5*s = 4*u - 2*u + 21, 3*u = -2*s - 3. Let x be ((-2)/s)/((-2)/1497). Suppose -5*j = -6*j + x. Is j prime?
True
Let k = 164 + -152. Let x(y) = 23*y**2 - 29*y - 11. Is x(k) composite?
False
Suppose 987 = 2*j + j. Let h = j + 3824. Is h prime?
True
Suppose -23*d - 3261427 = -11107256. Is d prime?
True
Suppose 201 + 2176 = 72*h - 143. Let q = 1728 - 972. Let v = q + h. Is v a prime number?
False
Suppose 2 = s + 4*h, 4*h - 5*h = -5*s + 10. Suppose 2*a - s*x + 5*x = 49, -3*x - 3 = 0. Is a prime?
False
Suppose 5*a = -2*k - k - 29026, -k - 9666 = -3*a. Let c be (-6)/(-30) + (-60372)/10. Let v = c - k. Is v a prime number?
False
Let o = 6022 - 12950. Let v = o + 12937. Is v a composite number?
True
Let a(j) = 115*j**2 + 140*j - 2147. Is a(24) a prime number?
True
Let d(q) = -16*q - 7. Let y be d(-1). Suppose 0 = 13*j - y*j + 4*t - 9560, 0 = j - 3*t - 2394. Is j prime?
False
Let a = -2079 + 719. Let c(k) = 2*k**2 - k. Let j be c(1). Is 1 - j - a - 11/(-11) a composite number?
False
Let d = -929515 + 1450844. Is d composite?
False
Let c(m) = -69*m**3 - 5*m**2 + 2*m - 7. Let h = 138 - 143. Is c(h) a composite number?
True
Suppose -23*u = -2582704 - 3737098. Is u composite?
True
Let j(h) = 499*h**2 + 234*h - 17. Is j(8) prime?
True
Let k = -4480 + 24393. Is k a prime number?
True
Suppose -41*o + 83574 = -35*o. Let a = o - 917. Suppose a = 3*t - 2507. Is t prime?
False
Is (-120415725)/(-405) - 3*(-6)/81 a composite number?
True
Suppose -4*c = -12*f + 16*f - 257972, -4*f + 3*c = -257930. Is f prime?
False
Suppose -5*g + 71 = 31. Is ((-95)/(-10) - g) + 1286/4 composite?
True
Suppose 0 = q, 0*q - 330 = -5*i - 4*q. Suppose -3*z - 3*z + i = 0. Suppose z*b = 15*b - 4348. Is b prime?
True
Let d be -20*(0 - 5/10). Suppose -3*m + d*m = 0. Let u(c) = -c**2 - c + 166. Is u(m) a composite number?
True
Let n(x) = -3*x - 1. Let p(l) = -2640*l + 3. Let i(s) = 2*n(s) + p(s). Is i(-3) prime?
False
Let n(z) = -75684*z + 10593. Is n(-5) prime?
False
Let w be (-4)/6 - (-1837)/33. Suppose -w = -2*h - 181. Is 4*(-2 - h/4) a composite number?
True
Let z(l) = 779*l - 233. Is z(6) a composite number?
False
Let v(g) = -g**2 - 9*g - 16. Let j be v(-6). Let i(m) = 462*m**3 + m**2 - 4*m + 5. Is i(j) prime?
True
Let k(t) = 2*t**2 - 27*t + 25. Let o be k(1). Let v(p) be the second derivative of p**3/6 + 2315*p**2/2 + p. Is v(o) a prime number?
False
Let n = 469155 + -325318. Is n prime?
False
Suppose 5*l - 141 + 261 = 0. Is 8/(0 - l) + (-28464)/(-9) a prime number?
True
Let j(o) = 336*o**2 + 2*o - 23. Let l be j(5). Suppose 3*w - l - 1780 = 0. Is w a prime number?
True
Let r(l) = -2*l + 5*l - 5*l + 14. Let f be r(4). Suppose 0 = -f*w - 147 + 639. Is w prime?
False
Suppose -128615 = 7*u - 219866 - 681962. Is u a prime number?
True
Let c = 7 - 13. Let n be (-4 - c)/(1/1) - -1. Suppose -2*p + 3505 = 3*d - n*p, -3*p - 5839 = -5*d. Is d prime?
False
Let q(p) = -115*p**2 - 9*p - 3. Let h(b) = b**2 + b - 1. Let t(s) = -6*h(s) - q(s). Is t(-4) a composite number?
False
Let d(c) = 2*c**2 + 3*c + 40. Let o(r) = 3*r**2 + 5*r + 81. Let w(p) = -5*d(p) + 2*o(p). Let n be w(-8). Is (-3)/(3 + 0) - n prime?
False
Suppose -6*r = -218759 - 55143 - 50320. Is r a composite number?
False
Let o(g) = 44*g**2 - 34*g + 2315. Is o(-51) composite?
False
Let p = -10634 + 5579. Let c = p + 7588. Is c prime?
False
Suppose -114*l + 36 = -111*l. Let b(c) = 118*c - 59. Is b(l) a prime number?
False
Suppose -2*h = 8, -3*h - 25 - 23 = -2*d. Let k(i) = i**2 + 14*i - 22. Is k(d) a prime number?
False
Let x(o) = -7*o - 19. Let c(j) = -2*j - 3. Let k be c(0). Let i be x(k). Suppose -i*a = 3*a - 4445. Is a a prime number?
False
Suppose 3*w - 3*c - 4078 = w, 5*w + 2*c = 10214. Suppose -7*i + 9*i = w. Let y = -626 + i. Is y composite?
True
Suppose 3*t = 2*i + 4, -15 + 5 = -5*t + 5*i. Is (3 + t)/(-6) + 18363/2 composite?
False
Let x = -12284 + 26085. Is x prime?
False
Let s(l) = 2066*l - 41 + 9 + 9 + 7 + 15. Is s(3) prime?
True
Suppose 397*p - 386*p - 1870 = 0. Let m = -7 + 10. Suppose -p = -m*i + k, 0*i - 85 = -2*i - 5*k. Is i prime?
False
Let o(t) = -t**2 - 3*t - 1642. Let g(d) = -d**2 - 4*d - 1642. Let u(f) = -7*g(f) + 6*o(f). Is u(0) a prime number?
False
Let s = -479899 + 1835078. Is s prime?
False
Suppose -16547 = -20*i + 233. Is i prime?
True
Let p(j) = -5*j - 104. Let c be p(-21). Let b(h) = 7029*h + 24. Is b(c) composite?
True
Let j be (4/(-6) + (-1)/(-3))*-9. Suppose -j*s = -289 - 584. Let t = 1302 - s. Is t a composite number?
True
Let t(s) = -175*s**3 + 393*s**3 - s - 3*s**2 + 520*s**3. Let w be t(3). Suppose -12*q = -6036 - w. Is q composite?
False
Is (1 + (-44)/33)/((-20)/15)*890852 a prime number?
True
Let m(p) = 2*p**3 - 10*p**2 - 145*p + 26. Is m(45) a composite number?
False
Let l(c) = -2*c**2 + 37*c - 37. Let o be l(17). Suppose 0 = 9*m - o*m + 20. Suppose 2*g = -2*g + 2*q + 298, 3*g = -m*q + 251. Is g prime?
False
Let g = 3762024 + -2440753. Is g prime?
False
Let d = -35488 - -66264. Is (d/16 - 12)/((-2)/(-4)) composite?
False
Let o(q) = -8*q**2 + q**2 + q**3 + 21*q + 7055 - 7031. Is o(17) a prime number?
True
Let x(h) = -41*h**3 - 54*h**2 - 59*h + 32. Is x(-11) composite?
True
Suppose -15 = -5*t, -6*v + t = -2*v - 13. Let r(i) = 639*i + 53. Is r(v) composite?
False
Suppose -6*x = 18 + 6. Is x/3*(-294)/4 + -1 composite?
False
Suppose 4*f - 5*l = 44 + 35, 68 = 3*f - 2*l. Suppose f*r = 24*r. Suppose r = 5*b - 10*b + 1985. Is b a composite number?
False
Let v(j) be the third derivative of j**5/60 + j**4/24 + 3377*j**3/6 - 3*j**2. Suppos